of 6966?
6
What is the units digit of 1923?
3
What is the ten thousands digit of 47800?
4
What is the ten thousands digit of 11541?
1
What is the units digit of 12227?
7
What is the units digit of 883?
3
What is the hundreds digit of 53207?
2
What is the units digit of 6725?
5
What is the units digit of 1239?
9
What is the thousands digit of 1855?
1
What is the tens digit of 2709?
0
What is the thousands digit of 33056?
3
What is the tens digit of 10640?
4
What is the thousands digit of 1825?
1
What is the ten thousands digit of 41081?
4
What is the hundreds digit of 9278?
2
What is the units digit of 932?
2
What is the tens digit of 29080?
8
What is the hundreds digit of 6175?
1
What is the tens digit of 3802?
0
What is the units digit of 11671?
1
What is the tens digit of 1607?
0
What is the ten thousands digit of 91541?
9
What is the units digit of 764?
4
What is the hundreds digit of 138?
1
What is the units digit of 69342?
2
What is the units digit of 12594?
4
What is the units digit of 12475?
5
What is the units digit of 21298?
8
What is the tens digit of 162763?
6
What is the ten thousands digit of 19155?
1
What is the tens digit of 1797?
9
What is the hundreds digit of 2577?
5
What is the ten thousands digit of 19737?
1
What is the hundreds digit of 3476?
4
What is the hundreds digit of 1904?
9
What is the hundreds digit of 882?
8
What is the hundreds digit of 2495?
4
What is the hundreds digit of 1111?
1
What is the tens digit of 679?
7
What is the tens digit of 191?
9
What is the units digit of 7642?
2
What is the units digit of 12920?
0
What is the hundreds digit of 429?
4
What is the units digit of 909?
9
What is the units digit of 140094?
4
What is the ten thousands digit of 21691?
2
What is the hundreds digit of 5401?
4
What is the tens digit of 37971?
7
What is the thousands digit of 3224?
3
What is the tens digit of 15116?
1
What is the thousands digit of 1237?
1
What is the units digit of 53790?
0
What is the units digit of 115961?
1
What is the thousands digit of 3744?
3
What is the tens digit of 1187?
8
What is the hundreds digit of 1046?
0
What is the tens digit of 9596?
9
What is the ten thousands digit of 28367?
2
What is the ten thousands digit of 18532?
1
What is the tens digit of 95973?
7
What is the tens digit of 2400?
0
What is the units digit of 52467?
7
What is the thousands digit of 1377?
1
What is the tens digit of 931?
3
What is the thousands digit of 35164?
5
What is the tens digit of 19953?
5
What is the hundreds digit of 680?
6
What is the hundreds digit of 1678?
6
What is the thousands digit of 41146?
1
What is the units digit of 585?
5
What is the tens digit of 1835?
3
What is the tens digit of 55694?
9
What is the tens digit of 2468?
6
What is the hundreds digit of 911?
9
What is the units digit of 2477?
7
What is the hundreds digit of 2603?
6
What is the tens digit of 3433?
3
What is the units digit of 10512?
2
What is the hundreds digit of 68940?
9
What is the thousands digit of 1429?
1
What is the tens digit of 37457?
5
What is the hundreds digit of 564?
5
What is the units digit of 20266?
6
What is the tens digit of 1935?
3
What is the ten thousands digit of 22516?
2
What is the tens digit of 525?
2
What is the units digit of 1384?
4
What is the tens digit of 61664?
6
What is the thousands digit of 8036?
8
What is the hundreds digit of 4771?
7
What is the hundreds digit of 3302?
3
What is the hundreds digit of 1057?
0
What is the ten thousands digit of 13454?
1
What is the units digit of 45191?
1
What is the tens digit of 8646?
4
What is the units digit of 11?
1
What is the tens digit of 3375?
7
What is the units digit of 38755?
5
What is the thousands digit of 44032?
4
What is the ten thousands digit of 89542?
8
What is the tens digit of 23097?
9
What is the hundreds digit of 505?
5
What is the ten thousands digit of 126877?
2
What is the thousands digit of 20293?
0
What is the ten thousands digit of 14818?
1
What is the hundreds digit of 69693?
6
What is the hundreds digit of 2625?
6
What is the thousands digit of 3832?
3
What is the units digit of 85?
5
What is the tens digit of 2699?
9
What is the hundreds digit of 4214?
2
What is the hundreds digit of 1176?
1
What is the hundreds digit of 23577?
5
What is the tens digit of 6810?
1
What is the tens digit of 1378?
7
What is the units digit of 25690?
0
What is the units digit of 520?
0
What is the tens digit of 65692?
9
What is the hundred thousands digit of 103292?
1
What is the hundreds digit of 9562?
5
What is the hundreds digit of 2390?
3
What is the tens digit of 9322?
2
What is the ten thousands digit of 164954?
6
What is the thousands digit of 34871?
4
What is the ten thousands digit of 24221?
2
What is the thousands digit of 19367?
9
What is the units digit of 1035?
5
What is the units digit of 22054?
4
What is the units digit of 7755?
5
What is the thousands digit of 7520?
7
What is the tens digit of 23348?
4
What is the tens digit of 15499?
9
What is the thousands digit of 56043?
6
What is the units digit of 1007?
7
What is the thousands digit of 84496?
4
What is the units digit of 696?
6
What is the tens digit of 2210?
1
What is the units digit of 219?
9
What is the hundreds digit of 13567?
5
What is the thousands digit of 3106?
3
What is the tens digit of 27120?
2
What is the tens digit of 9095?
9
What is the hundreds digit of 315?
3
What is the thousands digit of 60308?
0
What is the tens digit of 5272?
7
What is the hundreds digit of 2450?
4
What is the hundreds digit of 1304?
3
What is the tens digit of 430?
3
What is the units digit of 94509?
9
What is the tens digit of 3917?
1
What is the tens digit of 5447?
4
What is the units digit of 4207?
7
What is the hundreds digit of 23387?
3
What is the thousands digit of 16413?
6
What is the thousands digit of 1500?
1
What is the units digit of 1082?
2
What is the units digit of 214?
4
What is the hundreds digit of 849?
8
What is the hundreds digit of 39668?
6
What is the tens digit of 758?
5
What is the tens digit of 1819?
1
What is the hundreds digit of 123?
1
What is the hundreds digit of 1421?
4
What is the hundreds digit of 49483?
4
What is the hundreds digit of 1402?
4
What is the units digit of 2053?
3
What is the ten thousands digit of 47365?
4
What is the ten thousands digit of 46455?
4
What is the hundreds digit of 353?
3
What is the thousands digit of 3613?
3
What is the hundreds digit of 14978?
9
What is the thousands digit of 2703?
2
What is the hundreds digit of 3120?
1
What is the units digit of 39735?
5
What is the tens digit of 46797?
9
What is the thousands digit of 45462?
5
What is the units digit of 1126?
6
What is the ten thousands digit of 13593?
1
What is the tens digit of 8060?
6
What is the thousands digit of 9229?
9
What is the tens digit of 1559?
5
What is the units digit of 55532?
2
What is the units digit of 15017?
7
What is the thousands digit of 1357?
1
What is the tens digit of 502?
0
What is the ten thousands digit of 54032?
5
What is the units digit of 699?
9
What is the units digit of 1870?
0
What is the tens digit of 355?
5
What is the ten thousands digit of 88278?
8
What is the tens digit of 856?
5
What is the tens digit of 29006?
0
What is the hundreds digit of 109?
1
What is the ten thousands digit of 56746?
5
What is the units digit of 9?
9
What is the tens digit of 7441?
4
What is the thousands digit of 4379?
4
What is the units digit of 126149?
9
What is the tens digit of 465?
6
What is the tens digit of 47557?
5
What is the tens digit of 480?
8
What is the tens digit of 2744?
4
What is the tens digit of 381?
8
What is the thousands digit of 8539?
8
What is the tens digit of 2234?
3
What is the ten thousands digit of 20030?
2
What is the units digit of 94115?
5
What is the tens digit of 51?
5
What is the thousands digit of 13739?
3
What is the tens digit of 28666?
6
What is the tens digit of 6667?
6
What is the thousands digit of 2609?
2
What is the units digit of 1330?
0
What is the units digit of 958?
8
What is the hundreds digit of 2717?
7
What is the units digit of 79?
9
What is the tens digit of 711?
1
What is the hundreds digit of 2512?
5
What is the tens digit of 1545?
4
What is the thousands digit of 97204?
7
What is the tens digit of 28